ime factors of k.
2
Let n(x) = 2 + 0*x**3 + x**2 - 3*x**2 + x**3. Let w be n(2). Suppose 5*o = 3*m - 6*m + 46, 0 = -w*m - o + 19. List the prime factors of m.
7
Let p(v) be the third derivative of 7*v**4/24 + v**3/6 + 4*v**2. Let m = 4 + -3. List the prime factors of p(m).
2
Let q(d) = 2*d**2 - 7*d - 2. List the prime factors of q(6).
2, 7
Let d(z) = 3*z - 1. What are the prime factors of d(1)?
2
Let z(y) = 5*y + 10. What are the prime factors of z(6)?
2, 5
Let q be (-3 + -11)/(0 + -2). Let j(v) = -v**2 + 9*v + 8. List the prime factors of j(q).
2, 11
Suppose 0*h - 170 = -5*h. What are the prime factors of h?
2, 17
Suppose -4*t + 76 = -p, -2*t + 50 - 12 = -p. What are the prime factors of t?
19
Let y(s) = -s. Let h(l) = 2*l**2 - 2*l - 2. Let u be h(2). Let z be y(u). List the prime factors of 13 - (-3 + 2) - z.
2
Let o(m) = -10*m**3 + m + 2. List the prime factors of o(-1).
11
Suppose -3*l + 4 = -2*l. Suppose 4*h - 19 = -3*n, 0*n - l*n - 5*h + 24 = 0. Suppose -q + 1 = -n. What are the prime factors of q?
2
Let x be (-5)/(5/(-3)) - -1. Suppose 2*o = 3*u - 3*o - 14, -x*o = -8. List the prime factors of u.
2
What are the prime factors of -2*2*(-86)/8?
43
Suppose -4*v = v - 4*d - 115, 23 = v - d. What are the prime factors of v?
23
Suppose 4*r + 9 = -v, -2*r = -5*v - 43 - 2. List the prime factors of 31/3 - 6/v.
11
Suppose 0 = 5*r + 25, 3*n + 3*r = 5*n - 25. Suppose -3*u = -n*u. Suppose 4*b - l = 23, b + u = -2*l - 1. What are the prime factors of b?
5
List the prime factors of 24 + ((-5)/6 - (-3)/(-18)).
23
Let q = -115 + 69. Let j = q - -69. What are the prime factors of j?
23
Let q = 5 - 30. Let k = -15 - q. List the prime factors of k.
2, 5
Let w(k) = 3*k. Suppose 5*r - 9 = 2*f - 3, 5*f - 16 = -3*r. What are the prime factors of w(r)?
2, 3
Suppose -4*f = -3*n + 499, 4*n + 336 = 6*n - 2*f. What are the prime factors of n?
173
Suppose -3*b - 15 = 0, -2*a + b = 3*b + 22. Let z be ((-4)/a)/(4/234). Suppose 3*i - 6*i = -z. What are the prime factors of i?
13
Suppose 0 = -4*h - 12, -2*y + 2*h + 12 = -0*y. Suppose y*d = -2*d + 5. List the prime factors of 2/2 - (-5 + d).
5
Let d be (-1 + 3)*(-10)/(-4). Suppose 0 = -2*k - 4*l + 20, 0*k = -k + d*l + 3. List the prime factors of k.
2
Suppose 5*u - 2 - 12 = -2*k, 0 = -3*u + 2*k + 2. Let o = 13 - u. What are the prime factors of o?
11
Let j(y) = 6 + 9*y - 1 - 4*y + y**2. Let f be j(-5). Suppose 4*z - 27 = -f*v + 26, 38 = 4*v + z. List the prime factors of v.
3
Let d be ((-27)/6)/(9/12). Let o be (d - -7) + (0 - 0). Suppose -2*b - o + 39 = 0. List the prime factors of b.
19
Let b(j) = 15*j**2 - j. What are the prime factors of b(2)?
2, 29
Suppose 2*k + 4*n = 188, 0 = -5*k - 3*n - 0*n + 477. What are the prime factors of k?
2, 3
Suppose 4*w - 3*u = -145, -3*w - 5*u = -2*u + 114. Let g = -26 - w. List the prime factors of g.
11
Let s(g) = g**2 + 3*g + 3. Suppose -2*k - z - 1 = 0, -4*k + 7 = 3*z + 4. Let i = -6 - k. What are the prime factors of s(i)?
3
Suppose 5*z - 4*f - 12 = -0*f, -z + f + 2 = 0. List the prime factors of 55/z + 6/(-8).
13
Let w(y) = y**2 - 5*y + 6. What are the prime factors of w(7)?
2, 5
Let o = 41 + -17. Let c = -17 + o. List the prime factors of c.
7
Let p be -3*2/(-6)*10. What are the prime factors of p/5 + 2*1?
2
Let c(v) be the first derivative of -5/2*v**2 + 1/4*v**4 + 0*v**3 - 3 + 4*v. What are the prime factors of c(3)?
2
Suppose 3*d + 294 = -k, 0 = 3*k - 4*d + 3*d + 842. Suppose 0 = 4*r - 3*r - 5*w + 39, 2*w + 276 = -5*r. List the prime factors of k/r - 4/18.
5
What are the prime factors of 139 + 10/(-35) + (-18)/(-14)?
2, 5, 7
Suppose 2*r + 0 = -2, 2*b + 18 = 4*r. Let l(h) = h**2 + 10*h + 4. What are the prime factors of l(b)?
3, 5
Suppose 4*n + 29 = -j, -2*n + 5*j = 17 + 14. Let p = n + 55. What are the prime factors of p?
47
Let u(l) = 7*l**2 + 5*l - 5. Let y(t) = -t**2. Let z(h) = -u(h) - 6*y(h). Suppose -5*v + 5*w = 6 - 1, 5*v + 2*w = -26. What are the prime factors of z(v)?
3
What are the prime factors of 2*(-10)/6*-3?
2, 5
Suppose 2*p - 2*s = s - 12, -4*p - 8 = -2*s. Let o(i) = i - 7. Let h(f) = -f + 8. Let d(z) = -2*h(z) - 3*o(z). List the prime factors of d(p).
5
Suppose -3*m = -g - 2*g - 243, 0 = -2*m - 2*g + 150. Suppose 4*a = -5*x + 123, a + 2*a - m = x. List the prime factors of a.
3
Suppose 3*p = -5*h + 24, p + 4 = 2*h + 1. Suppose p*u + 9 = 0, -41 = -5*t - 2*u - 12. Let w = t + -4. What are the prime factors of w?
3
Suppose -2*o = 2*o + 500. Let k = -86 - o. What are the prime factors of k?
3, 13
Let m(c) = 2*c**2 + 0*c**2 - 4*c**3 + 0*c**2 - c. Let b be m(1). Let l = 4 - b. What are the prime factors of l?
7
What are the prime factors of (-998)/(-8) + 114/(-24) + 5?
5
Let v(p) = -2 + 1 - 3*p**3 + 2*p**3 + 2. Let z(o) = 3*o**3 - 4*o**2 - 4*o - 6. Let i(j) = -2*v(j) - z(j). List the prime factors of i(4).
2, 5
Let c = 189 + -124. What are the prime factors of c?
5, 13
Let j be (-3)/(-2) + 1/2. List the prime factors of (j/(-6))/((-1)/6).
2
Suppose -2*p + 5 = 3*p. Let g(w) = 2*w - 4*w**2 + 4*w + p - 2*w - w**3 + 6. List the prime factors of g(-5).
2, 3
Let t(k) = k**3 - 3*k**2 + 3*k. Suppose -4*i - 2*g = 2, 3*g = 5*i - 0*i - 25. Let h be t(i). Suppose -6 - 10 = -h*a. What are the prime factors of a?
2
Suppose -167 = -5*p + 183. What are the prime factors of p?
2, 5, 7
List the prime factors of ((1/(-3))/(-1))/((-3)/(-117)).
13
Let p(l) = l**2 + 5*l + 4. Let h be p(-5). Suppose -8 = h*v - 6*v. List the prime factors of v.
2
What are the prime factors of 2/(3/204*4)?
2, 17
Let f be 1/(((-3)/(-49))/3). What are the prime factors of (-242)/(-14) + (-14)/f?
17
Let k be (-1)/(0 + (-3)/(-15)). Suppose -z - 21 = 2*z. List the prime factors of 2/(-1 + z/k).
5
Suppose 6*w = 3*w + 1161. What are the prime factors of w?
3, 43
Let f be 9/4 - (-3)/(-12). Let o(d) = 3 + 1 + 2*d + 2 - 4. List the prime factors of o(f).
2, 3
Let f(i) = 2*i + 1. Let b(z) = -4*z - 2. Let x(q) = -4*b(q) - 9*f(q). What are the prime factors of x(-8)?
3, 5
Suppose c - 17 = 54. What are the prime factors of c?
71
Let l(t) = t**2 + 5*t - 7. What are the prime factors of l(4)?
29
Let w = -139 - -248. List the prime factors of w.
109
Let h = 9 - 4. Suppose -5*p = 6 - 1. List the prime factors of (h/2)/(p/(-2)).
5
Suppose -6*q + 8 = -106. What are the prime factors of q?
19
Let n(r) = 15*r**3 - 2*r**2 + 1. Let c be n(1). Suppose j - c = -j. List the prime factors of j.
7
Let j be 1 + -2 + 0/4. Let s be j + 0 + 1 + -4. Let x(r) = -2*r - 2. List the prime factors of x(s).
2, 3
Let u = -82 + 265. List the prime factors of u.
3, 61
Let m = 3 - 3. Let c = 6 + m. List the prime factors of c.
2, 3
Let t(a) = -34*a**3 - a**2 - a - 1. Let l be t(-1). Let q = l + 7. List the prime factors of q.
2, 5
Suppose 5*q + 2 = -d, -5*d - 3*q + q + 36 = 0. Let f be 84/d + 6/(-4). Suppose -x = -0 - f. What are the prime factors of x?
3
Suppose 3*a + 27 = 2*i + 8, -5*a - 35 = -5*i. Suppose -i - 8 = -5*u. Suppose -u*y + 0 = -6. List the prime factors of y.
3
Suppose 0*g - 20 = -2*g. Let v = g - -22. Let c = v + -20. List the prime factors of c.
2, 3
What are the prime factors of 34*(-1 + -14)/(-5)?
2, 3, 17
Let x(t) be the third derivative of t**6/120 + t**5/6 - 5*t**4/12 - t**3/2 + 2*t**2. Let m be x(-11). What are the prime factors of ((-10)/(-7))/((-2)/m)?
2, 5
Let x(g) = g**3 - 2*g**2 - 3*g + 3. Let y be x(3). Suppose -y*c + 32 = c. What are the prime factors of c?
2
Let q(n) = n**3 - 8*n**2 + 13*n - 12. List the prime factors of q(8).
2, 23
Let p(s) = -s - 8. Let v be p(-7). What are the prime factors of 3 - v*14 - -3?
2, 5
Let t = -261 + 371. List the prime factors of t.
2, 5, 11
Suppose -p + 18 = -3*y, 3*p = 3*y + y + 24. Let q(l) = l + 12. List the prime factors of q(y).
2, 3
Let m(w) = -w**2 + 19*w + 22. What are the prime factors of m(20)?
2
Suppose -40*g = -38*g - 86. List the prime factors of g.
43
Let n = 135 + -92. Suppose -3*j + 5*s + n = -0*j, -j + 5*s = -31. What are the prime factors of j?
2, 3
Let r = 25 + 13. List the prime factors of r.
2, 19
Let g(y) = 19*y - 58. What are the prime factors of g(10)?
2, 3, 11
Let k(l) be the third derivative of l**4/24 - l**3/6 - 3*l**2. Let f be k(5). Suppose f*a + 4*o - 32 = 12, 9 = 3*o. What are the prime factors of a?
2
Suppose -3*s - 5*p - 10 = -s, 2*s - 4*p = 26. Supp